o = 1 - -5. Suppose -44 = -4*a - 4*d, -d - w = -o*a + 4*a. List the prime factors of a.
2
Let y be 9/21 - 144/(-7). Suppose -135 = -3*m + y. What are the prime factors of m?
2, 13
Let m = -1 - -2. Suppose r - m = -t, -3*t + 2*t + 4*r + 16 = 0. Suppose -77 = -t*h - j, -j - 5 = -6*j. What are the prime factors of h?
19
Let w(k) = -4*k**2 - 5. Let u be w(4). Let j = -44 - u. List the prime factors of j.
5
Let x(r) = r. Let z be x(2). Suppose z*l = -6*o + 4*o, -4 = -o + l. Suppose 5*d = o*d + 12. List the prime factors of d.
2
Suppose 2*z - 15 = -z. Suppose 26 - 1 = z*r. Suppose -3*i = -r*i + 4. What are the prime factors of i?
2
Let z = 239 + 71. What are the prime factors of (4/(-10))/((-4)/z)?
31
Let l be 58/8 + 1/(-4). Let j(r) = -r**3 + 2*r**2 + 2*r - 2. Let s be j(2). Suppose -g + 8 = -5*u, s*u - 6*u = -g + l. What are the prime factors of g?
3
Suppose -x - 5*o + 120 = -0*x, -129 = -x - 2*o. What are the prime factors of x?
3, 5
Let r(s) = -s**3 + 9*s**2 + s - 9. Let n be r(9). Let u = 8 - n. List the prime factors of u.
2
Suppose 4*v = -f + 18, 20 = 2*f + 4*v - 16. What are the prime factors of f?
2, 3
Let m be (20/(-25))/((-1)/10). Let r be m/12 + 4/3. Suppose r*q - 20 + 6 = 0. List the prime factors of q.
7
Let w(s) be the third derivative of s**5/60 + s**4/4 - 11*s**3/6 + 3*s**2. What are the prime factors of w(-9)?
2
Suppose 2*m = -4*r + 1330, 3*r + 5*m - 2*m - 993 = 0. What are the prime factors of r?
2, 167
Suppose r - 63 = -g, -5*g + r + 315 = -r. Let i = 89 - g. List the prime factors of i.
2, 13
Let d(k) = 6*k**2 - k + 1. List the prime factors of d(-4).
101
Let w(j) = j**3 + j**2 - 1. Let v(f) = 3*f**3 - 4*f**2 + 4*f - 7. Let y(o) = -v(o) + 2*w(o). What are the prime factors of y(3)?
2, 5
Let u(a) = 10*a. Let f be u(-2). Let c = 33 + f. What are the prime factors of c?
13
Let x = -1 + 0. Let r be (4 - 4) + 4/x. List the prime factors of (-2 - r)/(3/6).
2
Let v = -2 - -4. Suppose 0 = -j + v*n + 1, 4*n + 13 = 3*j + 8*n. Suppose -x - j = -2*x. List the prime factors of x.
3
Let r(y) = -y - 4. Let l be r(-6). Suppose 3*v + 31 = 2*s - l, 4*s - 2*v - 54 = 0. What are the prime factors of s?
2, 3
Let r(h) = h**2 + 12*h + 9. Let t be 2*(-6 - (-3 + 3)). List the prime factors of r(t).
3
Suppose -472 = -3*h - 2*v, 4*h + 3*v + 319 = 6*h. What are the prime factors of h?
2, 79
Let q(y) = y**2 - 2*y - 5. List the prime factors of q(-6).
43
Suppose 5 = 2*b - 27. Suppose n = b - 6. List the prime factors of n.
2, 5
Suppose -4 = -q - 2*x - 1, -3*q - 4*x + 11 = 0. Suppose -f - 4*i = i - 21, -135 = -5*f + q*i. Suppose w - f = -w. List the prime factors of w.
13
Let i(r) = -r**2 - 22*r + 2. What are the prime factors of i(-19)?
59
Let a(n) = -n - 2. Let w(s) = -2*s - 4. Let g(h) = 9*a(h) - 4*w(h). Suppose 4*p + 2*z = -20 - 2, 5*z = p. List the prime factors of g(p).
3
Let b(p) = -2*p**2 - 28*p + 15. List the prime factors of b(-14).
3, 5
Let m(q) = 76*q**3 - 3*q + 2. List the prime factors of m(1).
3, 5
Let l(g) = -5*g - 3 + 6 + 4*g. Let t be l(-8). List the prime factors of 595/55 - (-2)/t.
11
Suppose 0*l - 3*t - 44 = -l, l - 5*t = 44. What are the prime factors of l?
2, 11
Let q(l) be the second derivative of l**6/180 + l**5/120 - l**4/12 - l**3/2 - 2*l. Let k(w) be the second derivative of q(w). List the prime factors of k(2).
2
Let j(b) = b**3 - 6*b**2 + b - 5. Let r be j(6). Let s be -2*r - (-9 - -3). Let w = s + -1. List the prime factors of w.
3
Suppose 5*n - 117 = x - 5*x, -30 = -x - n. List the prime factors of x.
3, 11
Let c be -2*(-2)/((-4)/19). Let u be (2 - c)/((-3)/(-3)). Suppose -5*p = -2*p - u. List the prime factors of p.
7
Let p(z) = -4*z**3 + 3*z**2 - 4*z + 61. Let c(m) = -m**3 + m**2 - m + 20. Let n(d) = 7*c(d) - 2*p(d). Let k = 2 - 2. What are the prime factors of n(k)?
2, 3
Let u = 11 - 8. Let k be u/2*(-6)/(-9). Suppose k = -l, -8*l - 21 = -4*x - 3*l. What are the prime factors of x?
2
Let c(n) = -9*n**2 - 2 + n**3 + 7 + 4. Let u(i) = i + 2. Let j be u(7). What are the prime factors of c(j)?
3
Suppose -3*q + 3 = 2*v, 0 = -3*q - 2*v - v. Suppose 0 = -q*f - c + 11, 4*c + 8 - 28 = 0. What are the prime factors of (-74)/(-8) - f/8?
3
Let p be 6/(-15) - 514/(-10). Let x = p + -33. What are the prime factors of x?
2, 3
Let o(z) = -z + 11. Let t be o(5). Suppose t*x - 2*x = 56. List the prime factors of x.
2, 7
Let q(a) = -a + 11. Let t be q(8). Suppose 2*o + o = -4*v + 26, -v + t = -o. List the prime factors of v.
5
Let l = 95 - 67. Suppose l = 6*g - 2*g. List the prime factors of g.
7
Suppose c + 25 = 6*c. Let t(k) = -3 + 2*k**2 + 0*k - k + c + k**3. What are the prime factors of t(-2)?
2
Suppose -g - 25 = 4*g. Let k be (-1)/2*-2*g. Let w = k + 16. List the prime factors of w.
11
Let f(g) = g**3 + 13*g**2 + 10*g - 6. What are the prime factors of f(-10)?
2, 97
Suppose -h + 4*g - 1 = 9, 0 = -2*h - 2*g + 30. Let m = h + -2. What are the prime factors of m?
2
Let c(f) = 25*f - 9. What are the prime factors of c(6)?
3, 47
Let c(x) = -x - x - 2*x - 8*x. List the prime factors of c(-2).
2, 3
Let x = -17 + 36. Suppose -2*y = 8, a + 2*y = 4*y + x. What are the prime factors of a?
11
Let u be (-18)/(-10) + 2/10. List the prime factors of 0 - (-4 + (u - 19)).
3, 7
Let h be 56/6*(-18)/12. Let g = -3 - h. List the prime factors of g.
11
Let x(j) be the second derivative of j**4/12 - 7*j**2/2 - j. Let l = 46 - 41. What are the prime factors of x(l)?
2, 3
Suppose -d + 6*d = 135. Let w = d - 17. List the prime factors of w.
2, 5
Suppose g = -3*g + 284. What are the prime factors of g?
71
Suppose 2*x = -0*x - 2. Let b = x - -3. Suppose 5*y - 51 = -b*l, 4*y - l + 0*l - 46 = 0. List the prime factors of y.
11
List the prime factors of ((-371)/(-28))/((-2)/(-8)).
53
Let s(g) = 2*g + 3. Let w be s(3). Suppose -o + 4*o = w. Let d = o + 0. List the prime factors of d.
3
Let x(y) = -3*y**2 - y - 1. Let s be x(-2). Let h = s + 5. List the prime factors of 102/27 - h/27.
2
Suppose 2*w - 41 = -5*t + 25, 4*t + 66 = 2*w. Suppose 4*l = 193 - w. What are the prime factors of l?
2, 5
Let f(y) = y**3 - 5*y**2 + 7*y - 4. List the prime factors of f(4).
2
Let f(v) = -v**3 - v**2 + 3*v + 1. Let w be f(-2). What are the prime factors of 2 + (1 - w) + 10?
2, 7
Suppose -2*k + 3*i = -21, -8*k + 4*k = 4*i - 32. Let u = -3 - 1. Let d = k + u. What are the prime factors of d?
5
Suppose 0 = o + 4*v - 2, o = -3*o - 3*v + 8. Suppose o*p = -1 - 3, 4*t = 3*p + 30. List the prime factors of t.
2, 3
Suppose -4*o + 5*w + 37 = 0, 0*o + 2*o - 11 = w. Suppose 0 = o*g + 23 - 101. List the prime factors of g.
2, 13
Suppose k - 13 = -3*a - 2, 5*k - 16 = -2*a. Let x(m) = 4*m**2 - 3*m + 3. What are the prime factors of x(k)?
13
Let f = 2 + -9. Let t = 1 - f. What are the prime factors of t - (2 + -5)/(-1)?
5
Let v be (-26)/(-2) + 2 + 1. Suppose 0 = 5*k + 4*p - v - 10, -3*p + 12 = 0. Let i = 0 + k. List the prime factors of i.
2
Suppose 0 = 3*y - 3, 3*h + y + 145 - 560 = 0. List the prime factors of h.
2, 3, 23
Let t = 145 - 103. List the prime factors of t.
2, 3, 7
Let s(w) = 2*w**3 + w - 1. Let r be (-12)/(-4) - 4/2. Let n be s(r). Suppose -n*j + 25 = -a, 3*j - 34 = 2*a - 4*a. What are the prime factors of j?
2, 3
Let h = 37 + 114. What are the prime factors of h?
151
Let d = -1 - -128. What are the prime factors of d?
127
Suppose -z + 11 - 6 = 0. Suppose -z*a = -12 - 23. What are the prime factors of a?
7
Let f be (18/10)/((-3)/(-10)). Let i(b) = b - 3. Let d be i(f). Suppose v + 42 = d*v. What are the prime factors of v?
3, 7
Suppose -12 = 5*f - 9*f. What are the prime factors of f?
3
Let w be 4/(-18) - 20/(-9). Let s(g) = 13*g - 2. Let a be s(w). Let l = a - 14. List the prime factors of l.
2, 5
Let o = 56 + -43. Suppose 0 = -6*s + 2*s. Suppose h = -s*h + o. What are the prime factors of h?
13
Let h(v) = -28*v**3 - 2*v - 25*v**3 - 1 - v**2 + 72*v**3 - 28*v**3. Let w(o) = -o**3 - 5*o**2 + o + 4. Let x be w(-5). What are the prime factors of h(x)?
3
Let p = 4 - -5. List the prime factors of p.
3
Suppose 3*c - 2*q + 520 = 8*c, c + 2*q - 112 = 0. Suppose -5*f + 2*f = -c. Let v = f + -24. List the prime factors of v.
2, 5
Let i = 3 + -3. Suppose 4*l - 22 - 10 = i. What are the prime factors of l?
2
Let g(j) = 111*j - 5. List the prime factors of g(1).
2, 53
Let u(n) = n**3 + 9*n**2 + 